{"id":436,"date":"2022-11-15T19:40:19","date_gmt":"2022-11-15T19:40:19","guid":{"rendered":"https:\/\/mintxeta.com\/?page_id=436"},"modified":"2024-11-28T16:44:57","modified_gmt":"2024-11-28T16:44:57","slug":"curiosidades","status":"publish","type":"page","link":"https:\/\/mintxeta.com\/index.php\/curiosidades\/","title":{"rendered":"CURIOSIDADES"},"content":{"rendered":"<p>[et_pb_section fb_built=\u00bb1&#8243; fullwidth=\u00bbon\u00bb _builder_version=\u00bb4.19.0&#8243; _module_preset=\u00bbdefault\u00bb global_colors_info=\u00bb{}\u00bb][et_pb_fullwidth_image src=\u00bbhttps:\/\/mintxeta.com\/wp-content\/uploads\/2022\/11\/curiosidades.jpg\u00bb title_text=\u00bbcuriosidades\u00bb _builder_version=\u00bb4.19.0&#8243; _module_preset=\u00bbdefault\u00bb global_colors_info=\u00bb{}\u00bb][\/et_pb_fullwidth_image][\/et_pb_section][et_pb_section fb_built=\u00bb1&#8243; _builder_version=\u00bb4.19.0&#8243; _module_preset=\u00bbdefault\u00bb global_colors_info=\u00bb{}\u00bb][et_pb_row _builder_version=\u00bb4.19.0&#8243; _module_preset=\u00bbdefault\u00bb global_colors_info=\u00bb{}\u00bb][et_pb_column type=\u00bb4_4&#8243; _builder_version=\u00bb4.19.0&#8243; _module_preset=\u00bbdefault\u00bb global_colors_info=\u00bb{}\u00bb][et_pb_text _builder_version=\u00bb4.23&#8243; _module_preset=\u00bbdefault\u00bb text_font=\u00bbMontserrat||||||||\u00bb global_colors_info=\u00bb{}\u00bb]<\/p>\n<h1 style=\"font-weight: bold;\">CURIOSIDADES<\/h1>\n<p>[\/et_pb_text][et_pb_text _builder_version=\u00bb4.23&#8243; _module_preset=\u00bbdefault\u00bb global_colors_info=\u00bb{}\u00bb]<\/p>\n<ul>\n<li><span><b>Jordi Garcia y Fernando Cerrada<\/b> son los \u00fanicos atletas que han ganado \u00e9sta prueba en sus categor\u00edas de Junior y Senior.<\/span><\/li>\n<li><b><\/b><span><b>Mart\u00edn Fiz<\/b> desde 1.982 ha participado posteriormente en 15 ediciones.<\/span><\/li>\n<li><span>Han participado\u00a0<strong>atletas de 51 pa\u00edses. <\/strong><\/span><\/li>\n<li><span>En las primeras ediciones internacionales, <b>los atletas cobraban \u00aben especie\u00bb<\/b> (escopetas, m\u00e1quinas de coser, relojes, televisores, &#8230;).<\/span><\/li>\n<li><b><\/b><b>Mariano Haro (5 victorias) y Bel\u00e9n Azpeitia (6 victorias)<\/b><span>\u00a0han sido los atletas m\u00e1s veces han ganado el Cross Internacional Juan Muguerza en las categor\u00edas de seniors masculino y femenino respectivamente. <\/span><\/li>\n<li><span>Han participado <strong>16 campeones\/campeonas ol\u00edmpicos\/ol\u00edmpicas.<\/strong><\/span><\/li>\n<\/ul>\n<p>[\/et_pb_text][et_pb_image src=\u00bbhttps:\/\/mintxeta.com\/wp-content\/uploads\/2022\/11\/prueba-masculina-en-lerun-elgoibar.jpg\u00bb title_text=\u00bbprueba-masculina-en-lerun-elgoibar\u00bb _builder_version=\u00bb4.19.0&#8243; _module_preset=\u00bbdefault\u00bb global_colors_info=\u00bb{}\u00bb][\/et_pb_image][et_pb_text _builder_version=\u00bb4.19.0&#8243; _module_preset=\u00bbdefault\u00bb global_colors_info=\u00bb{}\u00bb]<\/p>\n<ul>\n<li><span>En 1967\u00a0\u00a0<\/span><b>Mammo Wolde tuvo que correr con las zapatillas de<\/b><span>\u00a0<\/span><span>la atleta guipuzcoana<\/span><span>\u00a0<\/span><b>Coro Fuentes<\/b><span>, quien adem\u00e1s fue el vencedor de esa edici\u00f3n. <\/span><\/li>\n<li><span>En el a\u00f1o 1.964 fueron los et\u00edopes y en el 2.001 los keniatas los que ocuparon el podium en todos sus niveles.<\/span><\/li>\n<li><span>En <b>1.981<\/b>, con todos los corredores ya en Elgoibar, <b>la prueba debi\u00f3 ser suspendida a causa del temporal de nieve<\/b>.<\/span><\/li>\n<li><span>En las diferentes categor\u00edas, han sido vencedores <b>atletas de 12 pa\u00edses diferentes<\/b>.<\/span><\/li>\n<li><span>En la edici\u00f3n de\u00a0<\/span><b>1.999<\/b><span>\u00a0el vencedor\u00a0 <\/span><b>PAUL TERGAT<\/b><span>\u00a0 fu\u00e9 el atleta cinco veces campe\u00f3n mundial de Cross y medalla de plata en 10.000 mts. en las Olimpiadas de Atlanta 1996 y\u00a0 Sidney 2000.<\/span><\/li>\n<li><span>En el a\u00f1o <b>1.993 el gran campe\u00f3n et\u00edope Haile Grebreselasie<\/b> corri\u00f3 en las obras de construcci\u00f3n quedando segundo detr\u00e1s de su maestro el tambi\u00e9n et\u00edope Fita Bayesa.<\/span><\/li>\n<\/ul>\n<p>[\/et_pb_text][et_pb_image src=\u00bbhttps:\/\/mintxeta.com\/wp-content\/uploads\/2022\/11\/prueba-femenina-en-lerun-elgoibar.jpg\u00bb title_text=\u00bbprueba-femenina-en-lerun-elgoibar\u00bb _builder_version=\u00bb4.19.0&#8243; _module_preset=\u00bbdefault\u00bb global_colors_info=\u00bb{}\u00bb][\/et_pb_image][et_pb_text _builder_version=\u00bb4.19.0&#8243; _module_preset=\u00bbdefault\u00bb global_colors_info=\u00bb{}\u00bb]<\/p>\n<ul>\n<li><span>En la LX edici\u00f3n tuvimos la gran fortuna de contemplar al\u00a0<b>11 veces campe\u00f3n mundial de cross Kenenisa Bekele<\/b>\u00a0y de ser el primer lugar donde particip\u00f3 en Espa\u00f1a quedando ganador con gran autoridad y satisfecho del trato recibido en Elgoibar.<span>\u00a0 Su hermano <b>Tariku Bekele<\/b> quiso imitar a su hermano venciendo en 2005.<\/span><\/span><\/li>\n<li><span>En el a\u00f1o 2004 nos sorprendi\u00f3 nuestro conocido keniata <\/span><b>Abraham Chebii ganando su tercera edici\u00f3n<\/b><span>\u00a0<\/span><span>y llegando a decir que su sue\u00f1o ser\u00eda igualar a Mariano Haro con cinco victorias. Finalmente se qued\u00f3 con 3 txapelas.<\/span><\/li>\n<li><span>En el a\u00f1o 1.989 <b>Antonio Serrano fue el \u00faltimo ganador nacional<\/b> del cross.<span class=\"Apple-converted-space\">\u00a0<\/span><\/span><\/li>\n<li><span>En el a\u00f1o 1979 vence el ingl\u00e9s <b>Mike McLeod y 25 a\u00f1os despu\u00e9s su hijo Ryan McLeod lo hace en la categor\u00eda junior<\/b> en su participaci\u00f3n con la federaci\u00f3n inglesa.<\/span><\/li>\n<li><b><\/b><span><b>Las hermanas Wude y Hiwot Ayalew<\/b> han vencido en nuestro cross los a\u00f1os 2012 y 2014 respectivamente. En 2012 <b>Hiwot<\/b> acompa\u00f1\u00f3 en el p\u00f3dium a su hermana siendo segunda.<span class=\"Apple-converted-space\">\u00a0<\/span><\/span><\/li>\n<li><span>En el cross 2015 dos nuevos pa\u00edses se a\u00f1aden al palmar\u00e9s <b>Eritrea con Teklemariam Medhin <\/b>y <b>Bahrein con Mimi Belete<\/b>.<span class=\"Apple-converted-space\">\u00a0<\/span><\/span><\/li>\n<li><span>Implicaci\u00f3n social: <b>150 voluntari@s<\/b> del pueblo ayudan en la organizaci\u00f3n (Sociedades gastron\u00f3micas, clubes, asociaciones, particulares&#8230;).<span class=\"Apple-converted-space\">\u00a0<\/span><\/span><\/li>\n<li><span>Un total de <b>46 pa\u00edses<\/b> han tenido representaci\u00f3n en la historia del cross.<\/span><\/li>\n<li><span>Atletas participantes m\u00e1s importantes <b>sin victoria<\/b> en nuestro cross:<br \/><b>Hombres:\u00a0<\/b>Abebe Bikila, Haile Gebrselassie, Ibrahim Jeilan Gashu, Imane Merga, Tamirat Tola, Ron Hill, Mike Tagg, Tim Hutchings, Moses Tanui, Ismael Kirui, \u00a0Antonio Leitao, Antonio Pinto, Domingos Castro, Mohammed Gammoudi, Serhiy Lebid, Francisco Aritmendi, Jos\u00e9 Luis Gonz\u00e1lez, Jos\u00e9 Manuel Abascal, Mart\u00edn Fiz, Abel Ant\u00f3n, Reyes Est\u00e9vez, Juan Carlos Higuero, Juan Carlos de la Ossa, Chema Martinez\u2026<br \/><b>Mujeres:<\/b> Birhane Adere, Ayelech Worku, Worknesh Kidane, Meselech Melkamu, Linet Masai, Mercy Cherono, Zahra Ouaziz, Albertina Dias.<\/span><\/li>\n<\/ul>\n<p>&nbsp;<\/p>\n<p>[\/et_pb_text][et_pb_image src=\u00bbhttps:\/\/mintxeta.com\/wp-content\/uploads\/2022\/11\/mintxeta-2010.jpg\u00bb title_text=\u00bbmintxeta-2010&#8243; _builder_version=\u00bb4.19.0&#8243; _module_preset=\u00bbdefault\u00bb global_colors_info=\u00bb{}\u00bb][\/et_pb_image][et_pb_text _builder_version=\u00bb4.19.0&#8243; _module_preset=\u00bbdefault\u00bb custom_margin=\u00bb||0px||false|false\u00bb custom_padding=\u00bb||0px||false|false\u00bb global_colors_info=\u00bb{}\u00bb]<\/p>\n<ul>\n<li>\u00abArt\u00edculo del periodista portugu\u00e9s Joao Sequeira Andrade realizado en septiembre de 2018 sobre sus vivencias durante sus innumerables visitas a Elgoibar. Andrade fue una persona que amaba nuestro cross, era habitual verle llegar al Txarriduna con su inconfundible gabardina. Siempre amable, generoso y silencioso, nunca ped\u00eda nada, solamente acudir a su cita anual y disfrutar del espect\u00e1culo. Desde aqu\u00ed, nuestro peque\u00f1o homenaje.\u00bb\n<ul>[\/et_pb_text][et_pb_text _builder_version=\u00bb4.19.0&#8243; _module_preset=\u00bbdefault\u00bb custom_margin=\u00bb0px||||false|false\u00bb custom_padding=\u00bb0px||||false|false\u00bb global_colors_info=\u00bb{}\u00bb]<a style=\"color:black\" href=\"http:\/\/mintxeta.com\/juan-muguerza-2019\/es\/pdf\/articulo-andrade.pdf\" target=\"_blank\" rel=\"noopener\">Descargar archivo(*pdf)<\/a>[\/et_pb_text][et_pb_text content_tablet=\u00bb<\/p>\n<ul>\n<li>En 2023, Eritrea se estrena en el palmar\u00e9s femenino con la victoria de Rahel Daniel<\/li>\n<li>En las diferentes categor\u00edas de federados, <strong>han sido vencedores atletas de 18 pa\u00edses.<\/strong><\/li>\n<li>En la era moderna de la prueba absoluta femenina, solo la gran <strong>Hellen Obiri<\/strong> ha sido capaz de repetir victoria en 2019 y 2020.<\/li>\n<li><strong>En 2015 Joshua Cheptegei<\/strong> qued\u00f3 tercero tras una ca\u00edda en la \u00faltima vuelta, volvi\u00f3 en 2017 para ganar y hacer historia. Despu\u00e9s se ha coronado campe\u00f3n Ol\u00edmpico y mundial.<\/li>\n<li>En la prueba de <strong>10.000 metros de los Juegos Ol\u00edmpicos de Tokyo 2020<\/strong>, <strong>el podio fue ocupado por tres atletas que siempre estar\u00e1n ligados a Elgoibar (Barega Oro, Cheptegei Plata y Kiplimo Bronce)<\/strong> todos ellos han participado en nuestro cross.<\/li>\n<li>En 2023, <strong>Eritrea se estrena en el palmar\u00e9s femenino con la victoria de Rahel Daniel.<\/strong><\/li>\n<\/ul>\n<p>\u00bb content_phone=\u00bb<\/p>\n<ul>\n<li>En 2023, Eritrea se estrena en el palmar\u00e9s femenino con la victoria de Rahel Daniel<\/li>\n<li>En las diferentes categor\u00edas de federados, <strong>han sido vencedores atletas de 18 pa\u00edses.<\/strong><\/li>\n<li>En la era moderna de la prueba absoluta femenina, solo la gran <strong>Hellen Obiri<\/strong> ha sido capaz de repetir victoria en 2019 y 2020.<\/li>\n<li><strong>En 2015 Joshua Cheptegei<\/strong> qued\u00f3 tercero tras una ca\u00edda en la \u00faltima vuelta, volvi\u00f3 en 2017 para ganar y hacer historia. Despu\u00e9s se ha coronado campe\u00f3n Ol\u00edmpico y mundial.<\/li>\n<li>En la prueba de <strong>10.000 metros de los Juegos Ol\u00edmpicos de Tokyo 2020<\/strong>, <strong>el podio fue ocupado por tres atletas que siempre estar\u00e1n ligados a Elgoibar (Barega Oro, Cheptegei Plata y Kiplimo Bronce)<\/strong> todos ellos han participado en nuestro cross.<\/li>\n<li>En 2023, <strong>Eritrea se estrena en el palmar\u00e9s femenino con la victoria de Rahel Daniel.<\/strong><\/li>\n<\/ul>\n<p>\u00bb content_last_edited=\u00bbon|desktop\u00bb _builder_version=\u00bb4.23&#8243; _module_preset=\u00bbdefault\u00bb custom_margin=\u00bb||0px||false|false\u00bb custom_padding=\u00bb||0px||false|false\u00bb hover_enabled=\u00bb0&#8243; global_colors_info=\u00bb{}\u00bb sticky_enabled=\u00bb0&#8243;]<\/p>\n<ul>\n<li>En 2023, Eritrea se estrena en el palmar\u00e9s femenino con la victoria de Rahel Daniel<\/li>\n<li>En las diferentes categor\u00edas de federados, <strong>han sido vencedores atletas de 18 pa\u00edses.<\/strong><\/li>\n<li>En la era moderna de la prueba absoluta femenina, solo la gran <strong>Hellen Obiri<\/strong> ha sido capaz de repetir victoria en 2019 y 2020.<\/li>\n<li><strong>En 2015 Joshua Cheptegei<\/strong> qued\u00f3 tercero tras una ca\u00edda en la \u00faltima vuelta, volvi\u00f3 en 2017 para ganar y hacer historia. Despu\u00e9s se ha coronado campe\u00f3n Ol\u00edmpico y mundial.<\/li>\n<li>En la prueba de <strong>10.000 metros de los Juegos Ol\u00edmpicos de Tokyo 2020<\/strong>, <strong>el podio fue ocupado por tres atletas que siempre estar\u00e1n ligados a Elgoibar (Barega Oro, Cheptegei Plata y Kiplimo Bronce)<\/strong> todos ellos han participado en nuestro cross.<\/li>\n<li>En 2023, <strong>Eritrea se estrena en el palmar\u00e9s femenino con la victoria de Rahel Daniel.<\/strong><\/li>\n<\/ul>\n<p>[\/et_pb_text][\/et_pb_column][\/et_pb_row][et_pb_row column_structure=\u00bb1_2,1_2&#8243; _builder_version=\u00bb4.19.1&#8243; _module_preset=\u00bbdefault\u00bb custom_margin=\u00bb0px||0px||false|false\u00bb custom_padding=\u00bb0px||0px||false|false\u00bb global_colors_info=\u00bb{}\u00bb][et_pb_column type=\u00bb1_2&#8243; _builder_version=\u00bb4.19.1&#8243; _module_preset=\u00bbdefault\u00bb global_colors_info=\u00bb{}\u00bb][et_pb_image src=\u00bbhttps:\/\/mintxeta.com\/wp-content\/uploads\/2022\/11\/cheptegei.jpg\u00bb title_text=\u00bbcheptegei\u00bb _builder_version=\u00bb4.19.1&#8243; _module_preset=\u00bbdefault\u00bb global_colors_info=\u00bb{}\u00bb][\/et_pb_image][\/et_pb_column][et_pb_column type=\u00bb1_2&#8243; _builder_version=\u00bb4.19.1&#8243; _module_preset=\u00bbdefault\u00bb global_colors_info=\u00bb{}\u00bb][et_pb_image src=\u00bbhttps:\/\/mintxeta.com\/wp-content\/uploads\/2022\/11\/2Z6A7967-2-scaled.jpg\u00bb title_text=\u00bb2Z6A7967-2&#8243; _builder_version=\u00bb4.19.1&#8243; _module_preset=\u00bbdefault\u00bb global_colors_info=\u00bb{}\u00bb][\/et_pb_image][\/et_pb_column][\/et_pb_row][et_pb_row _builder_version=\u00bb4.27.4&#8243; _module_preset=\u00bbdefault\u00bb][et_pb_column _builder_version=\u00bb4.27.4&#8243; _module_preset=\u00bbdefault\u00bb type=\u00bb4_4&#8243;][et_pb_text content_tablet=\u00bb<\/p>\n<ul>\n<li>En los Juegos Olimpicos de Paris 2024, Beatrice Chebet (Kenya) logra un doble hist\u00f3rico en 5.000 y 10.000 metros, depues de haber vencido en Elgoibar en enero de 2024.<\/li>\n<\/ul>\n<p>\u00bb content_phone=\u00bb<\/p>\n<ul>\n<li>En los Juegos Olimpicos de Paris 2024, Beatrice Chebet (Kenya) logra un doble hist\u00f3rico en 5.000 y 10.000 metros, depues de haber vencido en Elgoibar en enero de 2024.<\/li>\n<\/ul>\n<p>\u00bb content_last_edited=\u00bbon|phone\u00bb _builder_version=\u00bb4.27.4&#8243; _module_preset=\u00bbdefault\u00bb custom_margin=\u00bb||0px||false|false\u00bb custom_padding=\u00bb||0px||false|false\u00bb hover_enabled=\u00bb0&#8243; global_colors_info=\u00bb{}\u00bb sticky_enabled=\u00bb0&#8243;]<\/p>\n<ul>\n<li>En los Juegos Olimpicos de Paris 2024, Beatrice Chebet (Kenya) logra un doble hist\u00f3rico en 5.000 y 10.000 metros, depues de haber vencido en Elgoibar en enero de 2024.<\/li>\n<\/ul>\n<p>[\/et_pb_text][et_pb_image _builder_version=\u00bb4.27.4&#8243; _module_preset=\u00bbdefault\u00bb alt=\u00bb80. nazioarteko Muguerza krosa\u00bb title_text=\u00bb80. nazioarteko Muguerza krosa\u00bb src=\u00bbhttps:\/\/mintxeta.com\/wp-content\/uploads\/2024\/11\/ganadora-2024-scaled.jpg\u00bb hover_enabled=\u00bb0&#8243; sticky_enabled=\u00bb0&#8243;][\/et_pb_image][\/et_pb_column][\/et_pb_row][\/et_pb_section]<\/p>\n","protected":false},"excerpt":{"rendered":"<p>CURIOSIDADES Jordi Garcia y Fernando Cerrada son los \u00fanicos atletas que han ganado \u00e9sta prueba en sus categor\u00edas de Junior y Senior. Mart\u00edn Fiz desde 1.982 ha participado posteriormente en 15 ediciones. Han participado\u00a0atletas de 51 pa\u00edses. En las primeras ediciones internacionales, los atletas cobraban \u00aben especie\u00bb (escopetas, m\u00e1quinas de coser, relojes, televisores, &#8230;). Mariano [&hellip;]<\/p>\n","protected":false},"author":1,"featured_media":0,"parent":0,"menu_order":0,"comment_status":"closed","ping_status":"closed","template":"","meta":{"_et_pb_use_builder":"on","_et_pb_old_content":"","_et_gb_content_width":"","footnotes":""},"class_list":["post-436","page","type-page","status-publish","hentry"],"_links":{"self":[{"href":"https:\/\/mintxeta.com\/index.php\/wp-json\/wp\/v2\/pages\/436","targetHints":{"allow":["GET"]}}],"collection":[{"href":"https:\/\/mintxeta.com\/index.php\/wp-json\/wp\/v2\/pages"}],"about":[{"href":"https:\/\/mintxeta.com\/index.php\/wp-json\/wp\/v2\/types\/page"}],"author":[{"embeddable":true,"href":"https:\/\/mintxeta.com\/index.php\/wp-json\/wp\/v2\/users\/1"}],"replies":[{"embeddable":true,"href":"https:\/\/mintxeta.com\/index.php\/wp-json\/wp\/v2\/comments?post=436"}],"version-history":[{"count":23,"href":"https:\/\/mintxeta.com\/index.php\/wp-json\/wp\/v2\/pages\/436\/revisions"}],"predecessor-version":[{"id":1721,"href":"https:\/\/mintxeta.com\/index.php\/wp-json\/wp\/v2\/pages\/436\/revisions\/1721"}],"wp:attachment":[{"href":"https:\/\/mintxeta.com\/index.php\/wp-json\/wp\/v2\/media?parent=436"}],"curies":[{"name":"wp","href":"https:\/\/api.w.org\/{rel}","templated":true}]}}