{"id":389,"date":"2022-11-15T19:02:43","date_gmt":"2022-11-15T19:02:43","guid":{"rendered":"https:\/\/mintxeta.com\/?page_id=389"},"modified":"2026-01-12T12:12:23","modified_gmt":"2026-01-12T12:12:23","slug":"alojamientos","status":"publish","type":"page","link":"https:\/\/mintxeta.com\/index.php\/alojamientos\/","title":{"rendered":"ALOJAMIENTOS"},"content":{"rendered":"<p>[et_pb_section fb_built=\u00bb1&#8243; fullwidth=\u00bbon\u00bb _builder_version=\u00bb4.19.0&#8243; _module_preset=\u00bbdefault\u00bb global_colors_info=\u00bb{}\u00bb][et_pb_fullwidth_image src=\u00bbhttps:\/\/mintxeta.com\/wp-content\/uploads\/2022\/11\/alojamientos.jpg\u00bb title_text=\u00bbalojamientos\u00bb _builder_version=\u00bb4.19.0&#8243; _module_preset=\u00bbdefault\u00bb global_colors_info=\u00bb{}\u00bb][\/et_pb_fullwidth_image][\/et_pb_section][et_pb_section fb_built=\u00bb1&#8243; _builder_version=\u00bb4.19.0&#8243; _module_preset=\u00bbdefault\u00bb global_colors_info=\u00bb{}\u00bb][et_pb_row column_structure=\u00bb1_2,1_2&#8243; admin_label=\u00bbHotel txarriduna\u00bb _builder_version=\u00bb4.19.1&#8243; _module_preset=\u00bbdefault\u00bb global_colors_info=\u00bb{}\u00bb][et_pb_column type=\u00bb1_2&#8243; _builder_version=\u00bb4.19.0&#8243; _module_preset=\u00bbdefault\u00bb global_colors_info=\u00bb{}\u00bb][et_pb_text _builder_version=\u00bb4.19.0&#8243; _module_preset=\u00bbdefault\u00bb text_font=\u00bbMontserrat||||||||\u00bb global_colors_info=\u00bb{}\u00bb]<\/p>\n<h1 style=\"font-weight: bold;\">ALOJAMIENTOS<\/h1>\n<p>[\/et_pb_text][\/et_pb_column][et_pb_column type=\u00bb1_2&#8243; _builder_version=\u00bb4.19.0&#8243; _module_preset=\u00bbdefault\u00bb global_colors_info=\u00bb{}\u00bb][\/et_pb_column][\/et_pb_row][et_pb_row column_structure=\u00bb1_2,1_2&#8243; admin_label=\u00bbtxarriduna\u00bb _builder_version=\u00bb4.19.3&#8243; _module_preset=\u00bbdefault\u00bb custom_margin=\u00bb||20px||false|false\u00bb custom_padding=\u00bb|20px||20px|false|false\u00bb border_width_all=\u00bb1px\u00bb border_color_all=\u00bb#000000&#8243; global_colors_info=\u00bb{}\u00bb][et_pb_column type=\u00bb1_2&#8243; _builder_version=\u00bb4.19.0&#8243; _module_preset=\u00bbdefault\u00bb global_colors_info=\u00bb{}\u00bb][et_pb_image src=\u00bbhttps:\/\/mintxeta.com\/wp-content\/uploads\/2022\/11\/logo-hotel1-104&#215;105-1.jpg\u00bb title_text=\u00bblogo-hotel1-104&#215;105&#8243; align=\u00bbcenter\u00bb _builder_version=\u00bb4.19.0&#8243; _module_preset=\u00bbdefault\u00bb global_colors_info=\u00bb{}\u00bb][\/et_pb_image][\/et_pb_column][et_pb_column type=\u00bb1_2&#8243; _builder_version=\u00bb4.19.0&#8243; _module_preset=\u00bbdefault\u00bb global_colors_info=\u00bb{}\u00bb][et_pb_text content_tablet=\u00bb<\/p>\n<h1>Hotel Txarriduna<\/h1>\n<p>El Hotel Txarriduna est\u00e1 situado en un sitio estrat\u00e9gico de Elgoibar, a pocos minutos caminando de la salida de la carrera. En pleno centro del pueblo est\u00e1 perfectamente comunicando con los accesos por carretera.<\/p>\n<p>Inaugurado en noviembre de 2006 el hotel es un acogedor establecimiento dotado con los \u00faltimos avances tecnol\u00f3gicos.\u00bb content_phone=\u00bb<\/p>\n<h1>Hotel Txarriduna<\/h1>\n<p>El Hotel Txarriduna est\u00e1 situado en un sitio estrat\u00e9gico de Elgoibar, a pocos minutos caminando de la salida de la carrera. En pleno centro del pueblo est\u00e1 perfectamente comunicando con los accesos por carretera.<\/p>\n<p>Inaugurado en noviembre de 2006 el hotel es un acogedor establecimiento dotado con los \u00faltimos avances tecnol\u00f3gicos.\u00bb content_last_edited=\u00bbon|phone\u00bb _builder_version=\u00bb4.19.0&#8243; _module_preset=\u00bbdefault\u00bb global_colors_info=\u00bb{}\u00bb]<\/p>\n<h1>Hotel Txarriduna<\/h1>\n<p>El Hotel Txarriduna est\u00e1 situado en un sitio estrat\u00e9gico de Elgoibar, a pocos minutos caminando de la salida de la carrera. En pleno centro del pueblo est\u00e1 perfectamente comunicando con los accesos por carretera.<\/p>\n<p>Inaugurado en noviembre de 2006 el hotel es un acogedor establecimiento dotado con los \u00faltimos avances tecnol\u00f3gicos.[\/et_pb_text][et_pb_image src=\u00bbhttps:\/\/mintxeta.com\/wp-content\/uploads\/2022\/11\/hotel_txarriduna2.jpg\u00bb title_text=\u00bbhotel_txarriduna2&#8243; _builder_version=\u00bb4.27.5&#8243; _module_preset=\u00bbdefault\u00bb global_colors_info=\u00bb{}\u00bb][\/et_pb_image][\/et_pb_column][\/et_pb_row][et_pb_row column_structure=\u00bb1_2,1_2&#8243; admin_label=\u00bbHotel EIbar\u00bb _builder_version=\u00bb4.27.5&#8243; _module_preset=\u00bbdefault\u00bb custom_margin=\u00bb20px||20px||false|false\u00bb custom_padding=\u00bb|20px||20px|false|false\u00bb border_width_all=\u00bb1px\u00bb border_color_all=\u00bb#000000&#8243; global_colors_info=\u00bb{}\u00bb][et_pb_column type=\u00bb1_2&#8243; _builder_version=\u00bb4.19.0&#8243; _module_preset=\u00bbdefault\u00bb global_colors_info=\u00bb{}\u00bb][et_pb_image src=\u00bbhttps:\/\/mintxeta.com\/wp-content\/uploads\/2026\/01\/HOTEL-EIBAR-scaled.jpg\u00bb alt=\u00bbHOTEL EIBAR\u00bb title_text=\u00bbHOTEL EIBAR\u00bb align=\u00bbcenter\u00bb src_tablet=\u00bbhttps:\/\/mintxeta.com\/wp-content\/uploads\/2026\/01\/HOTEL-EIBAR-scaled.jpg\u00bb src_phone=\u00bbhttps:\/\/mintxeta.com\/wp-content\/uploads\/2026\/01\/HOTEL-EIBAR-scaled.jpg\u00bb src_last_edited=\u00bbon|phone\u00bb _builder_version=\u00bb4.27.5&#8243; _module_preset=\u00bbdefault\u00bb global_colors_info=\u00bb{}\u00bb][\/et_pb_image][et_pb_text content_tablet=\u00bb<\/p>\n<table class=%22tabla-premios%22>\n<tbody>\n<tr>\n<td colspan=%223%22 class=%22ti-rojo%22><b>Tarifa Especial Cross 2024<\/b><\/td>\n<\/tr>\n<tr>\n<td>Alojamiento y Desayuno 31\u20ac\/persona<\/td>\n<\/tr>\n<tr>\n<td>MP 37\u20ac\/persona<\/td>\n<\/tr>\n<tr>\n<td>PC 41\u20ac\/persona<\/td>\n<\/tr>\n<tr>\n<td>Suplemento habitaci\u00f3n individual 17\u20ac\/persona<\/td>\n<\/tr>\n<\/tbody>\n<\/table>\n<p>\u00bb content_phone=\u00bb<\/p>\n<table class=%22tabla-premios%22>\n<tbody>\n<tr>\n<td colspan=%223%22 class=%22ti-rojo%22><b>Tarifa Especial Cross 2024<\/b><\/td>\n<\/tr>\n<tr>\n<td>Alojamiento y Desayuno 31\u20ac\/persona<\/td>\n<\/tr>\n<tr>\n<td>MP 37\u20ac\/persona<\/td>\n<\/tr>\n<tr>\n<td>PC 41\u20ac\/persona<\/td>\n<\/tr>\n<tr>\n<td>Suplemento habitaci\u00f3n individual 17\u20ac\/persona<\/td>\n<\/tr>\n<\/tbody>\n<\/table>\n<p>\u00bb content_last_edited=\u00bbon|phone\u00bb disabled_on=\u00bbon|on|on\u00bb _builder_version=\u00bb4.27.4&#8243; _module_preset=\u00bbdefault\u00bb disabled=\u00bbon\u00bb global_colors_info=\u00bb{}\u00bb]<\/p>\n<table class=\"tabla-premios\">\n<tbody>\n<tr>\n<td colspan=\"3\" class=\"ti-rojo\"><b>Tarifa Especial Cross 2024<\/b><\/td>\n<\/tr>\n<tr>\n<td>Alojamiento y Desayuno 31\u20ac\/persona<\/td>\n<\/tr>\n<tr>\n<td>MP 37\u20ac\/persona<\/td>\n<\/tr>\n<tr>\n<td>PC 41\u20ac\/persona<\/td>\n<\/tr>\n<tr>\n<td>Suplemento habitaci\u00f3n individual 17\u20ac\/persona<\/td>\n<\/tr>\n<\/tbody>\n<\/table>\n<p>[\/et_pb_text][\/et_pb_column][et_pb_column type=\u00bb1_2&#8243; _builder_version=\u00bb4.19.0&#8243; _module_preset=\u00bbdefault\u00bb global_colors_info=\u00bb{}\u00bb][et_pb_text content_tablet=\u00bb<\/p>\n<h1>Hotel Eibar<\/h1>\n<p>\u00danico alojamiento de la comarca con asador y aparcamiento gratuito.<\/p>\n<p>Ideal para quienes visiten eibar y su comarca, ya sea por trabajo u ocio.<\/p>\n<p>https:\/\/hoteleibar.es\/\u00bb content_phone=\u00bb<\/p>\n<h1>Hotel Eibar<\/h1>\n<p>\u00danico alojamiento de la comarca con asador y aparcamiento gratuito.<\/p>\n<p>Ideal para quienes visiten eibar y su comarca, ya sea por trabajo u ocio.<\/p>\n<p>https:\/\/hoteleibar.es\/\u00bb content_last_edited=\u00bbon|phone\u00bb _builder_version=\u00bb4.27.5&#8243; _module_preset=\u00bbdefault\u00bb custom_padding=\u00bb3px|||||\u00bb link_option_url=\u00bbhttps:\/\/hoteleibar.es\/\u00bb link_option_url_new_window=\u00bbon\u00bb global_colors_info=\u00bb{}\u00bb]<\/p>\n<h1>Hotel Eibar<\/h1>\n<p>\u00danico alojamiento de la comarca con asador y aparcamiento gratuito.<\/p>\n<p>Ideal para quienes visiten eibar y su comarca, ya sea por trabajo u ocio.<\/p>\n<p>https:\/\/hoteleibar.es\/[\/et_pb_text][et_pb_image src=\u00bbhttps:\/\/mintxeta.com\/wp-content\/uploads\/2026\/01\/Afiche-horizontal-HE.png\u00bb title_text=\u00bbAfiche horizontal HE\u00bb _builder_version=\u00bb4.27.5&#8243; _module_preset=\u00bbdefault\u00bb hover_enabled=\u00bb0&#8243; global_colors_info=\u00bb{}\u00bb sticky_enabled=\u00bb0&#8243; src_last_edited=\u00bbon|phone\u00bb src_tablet=\u00bbhttps:\/\/mintxeta.com\/wp-content\/uploads\/2026\/01\/Afiche-horizontal-HE.png\u00bb src_phone=\u00bbhttps:\/\/mintxeta.com\/wp-content\/uploads\/2026\/01\/Afiche-horizontal-HE.png\u00bb][\/et_pb_image][\/et_pb_column][\/et_pb_row][et_pb_row column_structure=\u00bb1_2,1_2&#8243; admin_label=\u00bbvilla de ermua\u00bb _builder_version=\u00bb4.19.3&#8243; _module_preset=\u00bbdefault\u00bb custom_padding=\u00bb|20px||20px|false|false\u00bb border_width_all=\u00bb1px\u00bb border_color_all=\u00bb#000000&#8243; global_colors_info=\u00bb{}\u00bb][et_pb_column type=\u00bb1_2&#8243; _builder_version=\u00bb4.19.0&#8243; _module_preset=\u00bbdefault\u00bb global_colors_info=\u00bb{}\u00bb][et_pb_image src=\u00bbhttps:\/\/mintxeta.com\/wp-content\/uploads\/2022\/12\/logotipo_villadeermua.png\u00bb title_text=\u00bblogotipo_villadeermua\u00bb align=\u00bbcenter\u00bb _builder_version=\u00bb4.19.3&#8243; _module_preset=\u00bbdefault\u00bb custom_margin=\u00bb50px||50px||false|false\u00bb global_colors_info=\u00bb{}\u00bb][\/et_pb_image][et_pb_text content_tablet=\u00bb<\/p>\n<table class=%22tabla-premios%22 style=%22height: 120px;%22>\n<tbody>\n<tr style=%22height: 24px;%22>\n<td colspan=%223%22 class=%22ti-rojo%22 style=%22height: 24px; width: 382.683px;%22><b>Tarifa Especial Cross 2024<\/b><\/td>\n<\/tr>\n<tr style=%22height: 24px;%22>\n<td style=%22height: 24px; width: 382.683px;%22>Habitaci\u00f3n Doble 70\u20ac<\/td>\n<\/tr>\n<tr style=%22height: 24px;%22>\n<td style=%22height: 24px; width: 382.683px;%22>Habitaci\u00f3n Individual 60\u20ac<\/td>\n<\/tr>\n<tr style=%22height: 24px;%22>\n<td style=%22height: 24px; width: 382.683px;%22>Desayuno Continental 6\u20ac<\/td>\n<\/tr>\n<tr style=%22height: 24px;%22>\n<td style=%22height: 24px; width: 382.683px;%22>Parking 15\u20ac<\/td>\n<\/tr>\n<tr style=%22height: 24px;%22>\n<td style=%22height: 24px; width: 382.683px;%22>Cama Supletoria 30\u20ac<\/td>\n<\/tr>\n<\/tbody>\n<\/table>\n<p>\u00bb content_phone=\u00bb<\/p>\n<table class=%22tabla-premios%22 style=%22height: 120px;%22>\n<tbody>\n<tr style=%22height: 24px;%22>\n<td colspan=%223%22 class=%22ti-rojo%22 style=%22height: 24px; width: 382.683px;%22><b>Tarifa Especial Cross 2024<\/b><\/td>\n<\/tr>\n<tr style=%22height: 24px;%22>\n<td style=%22height: 24px; width: 382.683px;%22>Habitaci\u00f3n Doble 70\u20ac<\/td>\n<\/tr>\n<tr style=%22height: 24px;%22>\n<td style=%22height: 24px; width: 382.683px;%22>Habitaci\u00f3n Individual 60\u20ac<\/td>\n<\/tr>\n<tr style=%22height: 24px;%22>\n<td style=%22height: 24px; width: 382.683px;%22>Desayuno Continental 6\u20ac<\/td>\n<\/tr>\n<tr style=%22height: 24px;%22>\n<td style=%22height: 24px; width: 382.683px;%22>Parking 15\u20ac<\/td>\n<\/tr>\n<tr style=%22height: 24px;%22>\n<td style=%22height: 24px; width: 382.683px;%22>Cama Supletoria 30\u20ac<\/td>\n<\/tr>\n<\/tbody>\n<\/table>\n<p>\u00bb content_last_edited=\u00bbon|phone\u00bb disabled_on=\u00bboff|off|off\u00bb _builder_version=\u00bb4.27.4&#8243; _module_preset=\u00bbdefault\u00bb global_colors_info=\u00bb{}\u00bb]<\/p>\n<table class=\"tabla-premios\" style=\"height: 120px;\">\n<tbody>\n<tr style=\"height: 24px;\">\n<td colspan=\"3\" class=\"ti-rojo\" style=\"height: 24px; width: 382.683px;\"><b>Tarifa Especial Cross 2024<\/b><\/td>\n<\/tr>\n<tr style=\"height: 24px;\">\n<td style=\"height: 24px; width: 382.683px;\">Habitaci\u00f3n Doble 70\u20ac<\/td>\n<\/tr>\n<tr style=\"height: 24px;\">\n<td style=\"height: 24px; width: 382.683px;\">Habitaci\u00f3n Individual 60\u20ac<\/td>\n<\/tr>\n<tr style=\"height: 24px;\">\n<td style=\"height: 24px; width: 382.683px;\">Desayuno Continental 6\u20ac<\/td>\n<\/tr>\n<tr style=\"height: 24px;\">\n<td style=\"height: 24px; width: 382.683px;\">Parking 15\u20ac<\/td>\n<\/tr>\n<tr style=\"height: 24px;\">\n<td style=\"height: 24px; width: 382.683px;\">Cama Supletoria 30\u20ac<\/td>\n<\/tr>\n<\/tbody>\n<\/table>\n<p>[\/et_pb_text][\/et_pb_column][et_pb_column type=\u00bb1_2&#8243; _builder_version=\u00bb4.19.0&#8243; _module_preset=\u00bbdefault\u00bb global_colors_info=\u00bb{}\u00bb][et_pb_text content_tablet=\u00bb<\/p>\n<h1>Hotel Txarriduna<\/h1>\n<p>El Hotel Txarriduna est\u00e1 situado en un sitio estrat\u00e9gico de Elgoibar, a pocos minutos caminando de la salida de la carrera. En pleno centro del pueblo est\u00e1 perfectamente comunicando con los accesos por carretera.<\/p>\n<p>Inaugurado en noviembre de 2006 el hotel es un acogedor establecimiento dotado con los \u00faltimos avances tecnol\u00f3gicos.\u00bb content_phone=\u00bb<\/p>\n<h1>Hotel Txarriduna<\/h1>\n<p>El Hotel Txarriduna est\u00e1 situado en un sitio estrat\u00e9gico de Elgoibar, a pocos minutos caminando de la salida de la carrera. En pleno centro del pueblo est\u00e1 perfectamente comunicando con los accesos por carretera.<\/p>\n<p>Inaugurado en noviembre de 2006 el hotel es un acogedor establecimiento dotado con los \u00faltimos avances tecnol\u00f3gicos.\u00bb content_last_edited=\u00bbon|phone\u00bb _builder_version=\u00bb4.19.3&#8243; _module_preset=\u00bbdefault\u00bb global_colors_info=\u00bb{}\u00bb]<\/p>\n<h1>Hotel Villa de Ermua<\/h1>\n<p style=\"background-image: initial; background-position: 0px 0px; background-size: initial; background-repeat: initial; background-origin: initial; background-clip: initial; border: 0px; margin: 0px; padding: 0px; vertical-align: baseline; outline: 0px; color: #000000; font-family: Raleway,sans-serif; text-align: justify;\">Podemos decir por tanto, que el Hotel Villa de Ermua, es<strong style=\"background: 0px 0px; border: 0px; margin: 0px; padding: 0px; vertical-align: baseline; outline: 0px;\">\u00a0el hotel perfecto para recorrer de forma c\u00f3moda la geograf\u00eda vasca<\/strong>, bien sea por motivos laborales\u00a0o por ocio.<\/p>\n<p style=\"background-image: initial; background-position: 0px 0px; background-size: initial; background-repeat: initial; background-origin: initial; background-clip: initial; border: 0px; margin: 0px; padding: 0px; vertical-align: baseline; outline: 0px; color: #000000; font-family: Raleway,sans-serif; text-align: justify;\">Las modernas instalaciones del Hotel Villa de Ermua, tanto de\u00a0sus\u00a0<strong style=\"background: 0px 0px; border: 0px; margin: 0px; padding: 0px; vertical-align: baseline; outline: 0px;\">38 habitaciones<\/strong>\u00a0como de su amplia cafeter\u00eda, har\u00e1n de\u00a0su estancia una experiencia\u00a0confortable, agradable y tranquila.<\/p>\n<p>&nbsp;<\/p>\n<p>[\/et_pb_text][et_pb_image src=\u00bbhttps:\/\/mintxeta.com\/wp-content\/uploads\/2022\/12\/villa-ermua.jpg\u00bb title_text=\u00bbvilla ermua\u00bb _builder_version=\u00bb4.19.3&#8243; _module_preset=\u00bbdefault\u00bb global_colors_info=\u00bb{}\u00bb][\/et_pb_image][\/et_pb_column][\/et_pb_row][et_pb_row column_structure=\u00bb1_2,1_2&#8243; admin_label=\u00bbeibarrroms\u00bb _builder_version=\u00bb4.19.4&#8243; _module_preset=\u00bbdefault\u00bb custom_margin=\u00bb20px||20px||false|false\u00bb custom_padding=\u00bb|20px||20px|false|false\u00bb border_width_all=\u00bb1px\u00bb border_color_all=\u00bb#000000&#8243; global_colors_info=\u00bb{}\u00bb][et_pb_column type=\u00bb1_2&#8243; _builder_version=\u00bb4.19.0&#8243; _module_preset=\u00bbdefault\u00bb global_colors_info=\u00bb{}\u00bb][et_pb_image src=\u00bbhttps:\/\/mintxeta.com\/wp-content\/uploads\/2022\/12\/eibarrooms-logo.png\u00bb title_text=\u00bbeibarrooms-logo\u00bb align=\u00bbcenter\u00bb _builder_version=\u00bb4.19.4&#8243; _module_preset=\u00bbdefault\u00bb width=\u00bb70%\u00bb global_colors_info=\u00bb{}\u00bb][\/et_pb_image][et_pb_text content_tablet=\u00bb<\/p>\n<table class=%22tabla-premios%22>\n<tbody>\n<tr>\n<td colspan=%223%22 class=%22ti-rojo%22><b>Tarifa Especial Cross 2024<\/b><\/td>\n<\/tr>\n<tr>\n<td><span>Alojamiento individual 67\u20ac<\/span><\/td>\n<\/tr>\n<tr>\n<td><span>Alojamiento individual con desayuno 74\u20ac<\/span><\/td>\n<\/tr>\n<tr>\n<td><span>Alojamiento doble 71.50\u20ac<\/span><\/td>\n<\/tr>\n<tr>\n<td><span>Alojamiento doble con desayuno 85.50\u20ac<\/span><\/td>\n<\/tr>\n<\/tbody>\n<\/table>\n<p>\u00bb content_phone=\u00bb<\/p>\n<table class=%22tabla-premios%22>\n<tbody>\n<tr>\n<td colspan=%223%22 class=%22ti-rojo%22><b>Tarifa Especial Cross 2024<\/b><\/td>\n<\/tr>\n<tr>\n<td><span>Alojamiento individual 67\u20ac<\/span><\/td>\n<\/tr>\n<tr>\n<td><span>Alojamiento individual con desayuno 74\u20ac<\/span><\/td>\n<\/tr>\n<tr>\n<td><span>Alojamiento doble 71.50\u20ac<\/span><\/td>\n<\/tr>\n<tr>\n<td><span>Alojamiento doble con desayuno 85.50\u20ac<\/span><\/td>\n<\/tr>\n<\/tbody>\n<\/table>\n<p>\u00bb content_last_edited=\u00bbon|desktop\u00bb disabled_on=\u00bbon|on|on\u00bb _builder_version=\u00bb4.27.4&#8243; _module_preset=\u00bbdefault\u00bb disabled=\u00bbon\u00bb global_colors_info=\u00bb{}\u00bb]<\/p>\n<table class=\"tabla-premios\">\n<tbody>\n<tr>\n<td colspan=\"3\" class=\"ti-rojo\"><b>Tarifa Especial Cross 2024<\/b><\/td>\n<\/tr>\n<tr>\n<td><span>Alojamiento individual 67\u20ac<\/span><\/td>\n<\/tr>\n<tr>\n<td><span>Alojamiento individual con desayuno 74\u20ac<\/span><\/td>\n<\/tr>\n<tr>\n<td><span>Alojamiento doble 71.50\u20ac<\/span><\/td>\n<\/tr>\n<tr>\n<td><span>Alojamiento doble con desayuno 85.50\u20ac<\/span><\/td>\n<\/tr>\n<\/tbody>\n<\/table>\n<p>[\/et_pb_text][\/et_pb_column][et_pb_column type=\u00bb1_2&#8243; _builder_version=\u00bb4.19.0&#8243; _module_preset=\u00bbdefault\u00bb global_colors_info=\u00bb{}\u00bb][et_pb_text content_tablet=\u00bb<\/p>\n<h1>Eibarroms<\/h1>\n<p>EIBARROOMS Auto Check-in es un alojamiento que se caracteriza por ser acogedor, sencillo y funcional. Si lo que est\u00e1s buscando es un lugar donde poder descansar de una manera personalizada, somos tu mejor opci\u00f3n. Disponemos de doce habitaciones (ocho dobles y cuatro individuales). Todas ellas con vistas al exterior y totalmente equipadas para tu descanso.<\/p>\n<p>\u00bb content_phone=\u00bb<\/p>\n<h1>Eibarroms<\/h1>\n<p>EIBARROOMS Auto Check-in es un alojamiento que se caracteriza por ser acogedor, sencillo y funcional. Si lo que est\u00e1s buscando es un lugar donde poder descansar de una manera personalizada, somos tu mejor opci\u00f3n. Disponemos de doce habitaciones (ocho dobles y cuatro individuales). Todas ellas con vistas al exterior y totalmente equipadas para tu descanso.<\/p>\n<p>\u00bb content_last_edited=\u00bbon|phone\u00bb _builder_version=\u00bb4.19.4&#8243; _module_preset=\u00bbdefault\u00bb custom_padding=\u00bb3px|||||\u00bb global_colors_info=\u00bb{}\u00bb]<\/p>\n<h1>EIBARROOMS AUTO CHECK IN<\/h1>\n<p>EIBARROOMS Auto Check-in es un alojamiento que se caracteriza por ser acogedor, sencillo y funcional.<br \/>\nDisponemos de doce habitaciones (ocho dobles y cuatro individuales). Todas ellas con vistas al exterior y totalmente equipadas para tu descanso.<\/p>\n<p>[\/et_pb_text][et_pb_image src=\u00bbhttps:\/\/mintxeta.com\/wp-content\/uploads\/2022\/12\/eibarrooms-comunes-4.jpg\u00bb title_text=\u00bbeibarrooms-comunes-4&#8243; _builder_version=\u00bb4.19.4&#8243; _module_preset=\u00bbdefault\u00bb global_colors_info=\u00bb{}\u00bb][\/et_pb_image][\/et_pb_column][\/et_pb_row][et_pb_row column_structure=\u00bb1_2,1_2&#8243; _builder_version=\u00bb4.19.0&#8243; _module_preset=\u00bbdefault\u00bb custom_margin=\u00bb20px||20px||false|false\u00bb custom_padding=\u00bb|20px||20px|false|false\u00bb border_width_all=\u00bb1px\u00bb border_color_all=\u00bb#000000&#8243; global_colors_info=\u00bb{}\u00bb][et_pb_column type=\u00bb1_2&#8243; _builder_version=\u00bb4.19.0&#8243; _module_preset=\u00bbdefault\u00bb global_colors_info=\u00bb{}\u00bb][et_pb_image src=\u00bbhttps:\/\/mintxeta.com\/wp-content\/uploads\/2022\/11\/hotel_arbe.jpg\u00bb title_text=\u00bbhotel_arbe\u00bb align=\u00bbcenter\u00bb _builder_version=\u00bb4.19.0&#8243; _module_preset=\u00bbdefault\u00bb global_colors_info=\u00bb{}\u00bb][\/et_pb_image][\/et_pb_column][et_pb_column type=\u00bb1_2&#8243; _builder_version=\u00bb4.19.0&#8243; _module_preset=\u00bbdefault\u00bb global_colors_info=\u00bb{}\u00bb][et_pb_text content_tablet=\u00bb<\/p>\n<h1>Hotel Arbe<\/h1>\n<p>El Hotel Arbe est\u00e1 situado en pleno Geoparque de la Costa Vasca, en la Bah\u00eda de Arbe (entre Mutriku y Deba). En las aguas del mar Cant\u00e1brico.<\/p>\n<p>A escasos 18 min (16,9 km) de la localidad Elgoibarresa y del Cross Muguerza. Hotel de dise\u00f1o vanguardista, moderno y muy cuidado, mejorado poco a poco por las huellas dejadas por quien ha pasado por aqu\u00ed.<\/p>\n<p>\u00bb content_phone=\u00bb<\/p>\n<h1>Hotel Arbe<\/h1>\n<p>El Hotel Arbe est\u00e1 situado en pleno Geoparque de la Costa Vasca, en la Bah\u00eda de Arbe (entre Mutriku y Deba). En las aguas del mar Cant\u00e1brico.<\/p>\n<p>A escasos 18 min (16,9 km) de la localidad Elgoibarresa y del Cross Muguerza. Hotel de dise\u00f1o vanguardista, moderno y muy cuidado, mejorado poco a poco por las huellas dejadas por quien ha pasado por aqu\u00ed.<\/p>\n<p>\u00bb content_last_edited=\u00bbon|phone\u00bb _builder_version=\u00bb4.19.0&#8243; _module_preset=\u00bbdefault\u00bb custom_padding=\u00bb3px|||||\u00bb global_colors_info=\u00bb{}\u00bb]<\/p>\n<h1>Hotel Arbe<\/h1>\n<p>El Hotel Arbe est\u00e1 situado en pleno Geoparque de la Costa Vasca, en la Bah\u00eda de Arbe (entre Mutriku y Deba). En las aguas del mar Cant\u00e1brico.<\/p>\n<p>A escasos 18 min (16,9 km) de la localidad Elgoibarresa y del Cross Muguerza. Hotel de dise\u00f1o vanguardista, moderno y muy cuidado, mejorado poco a poco por las huellas dejadas por quien ha pasado por aqu\u00ed.<\/p>\n<p>[\/et_pb_text][et_pb_image src=\u00bbhttps:\/\/mintxeta.com\/wp-content\/uploads\/2022\/11\/hotel_arbe2.jpg\u00bb title_text=\u00bbhotel_arbe2&#8243; _builder_version=\u00bb4.19.0&#8243; _module_preset=\u00bbdefault\u00bb global_colors_info=\u00bb{}\u00bb][\/et_pb_image][\/et_pb_column][\/et_pb_row][et_pb_row column_structure=\u00bb1_2,1_2&#8243; _builder_version=\u00bb4.19.0&#8243; _module_preset=\u00bbdefault\u00bb custom_margin=\u00bb20px||20px||false|false\u00bb custom_padding=\u00bb|20px||20px|false|false\u00bb border_width_all=\u00bb1px\u00bb border_color_all=\u00bb#000000&#8243; global_colors_info=\u00bb{}\u00bb][et_pb_column type=\u00bb1_2&#8243; _builder_version=\u00bb4.19.0&#8243; _module_preset=\u00bbdefault\u00bb global_colors_info=\u00bb{}\u00bb][et_pb_image src=\u00bbhttps:\/\/mintxeta.com\/wp-content\/uploads\/2022\/11\/hotel_prudentzio.jpg\u00bb title_text=\u00bbhotel_prudentzio\u00bb align=\u00bbcenter\u00bb _builder_version=\u00bb4.19.0&#8243; _module_preset=\u00bbdefault\u00bb global_colors_info=\u00bb{}\u00bb][\/et_pb_image][\/et_pb_column][et_pb_column type=\u00bb1_2&#8243; _builder_version=\u00bb4.19.0&#8243; _module_preset=\u00bbdefault\u00bb global_colors_info=\u00bb{}\u00bb][et_pb_text content_tablet=\u00bb<\/p>\n<h1>Sanprudentzio<\/h1>\n<p>San Prudentzio es un peque\u00f1o hotel rural con encanto, rodeado de vi\u00f1edos y situado sobre el mar cant\u00e1brico. Un lugar ideal para desconectar y disfrutar de la naturaleza y de las vistas al mar.<\/p>\n<p>A 25 minutos de la localidad Elgoibarresa y del Cross Muguerza. El hotel ha sido completamente reformado en el 2013.<\/p>\n<p>\u00bb content_phone=\u00bb<\/p>\n<h1>Sanprudentzio<\/h1>\n<p>San Prudentzio es un peque\u00f1o hotel rural con encanto, rodeado de vi\u00f1edos y situado sobre el mar cant\u00e1brico. Un lugar ideal para desconectar y disfrutar de la naturaleza y de las vistas al mar.<\/p>\n<p>A 25 minutos de la localidad Elgoibarresa y del Cross Muguerza. El hotel ha sido completamente reformado en el 2013.<\/p>\n<p>\u00bb content_last_edited=\u00bbon|phone\u00bb _builder_version=\u00bb4.19.0&#8243; _module_preset=\u00bbdefault\u00bb custom_padding=\u00bb3px|||||\u00bb global_colors_info=\u00bb{}\u00bb]<\/p>\n<h1>Sanprudentzio<\/h1>\n<p>San Prudentzio es un peque\u00f1o hotel rural con encanto, rodeado de vi\u00f1edos y situado sobre el mar cant\u00e1brico. Un lugar ideal para desconectar y disfrutar de la naturaleza y de las vistas al mar.<\/p>\n<p>A 25 minutos de la localidad Elgoibarresa y del Cross Muguerza. El hotel ha sido completamente reformado en el 2013.<\/p>\n<p>[\/et_pb_text][et_pb_image src=\u00bbhttps:\/\/mintxeta.com\/wp-content\/uploads\/2022\/11\/hotel_arbe2.jpg\u00bb title_text=\u00bbhotel_arbe2&#8243; _builder_version=\u00bb4.19.0&#8243; _module_preset=\u00bbdefault\u00bb global_colors_info=\u00bb{}\u00bb][\/et_pb_image][\/et_pb_column][\/et_pb_row][\/et_pb_section]<\/p>\n","protected":false},"excerpt":{"rendered":"<p>ALOJAMIENTOSHotel Txarriduna El Hotel Txarriduna est\u00e1 situado en un sitio estrat\u00e9gico de Elgoibar, a pocos minutos caminando de la salida de la carrera. En pleno centro del pueblo est\u00e1 perfectamente comunicando con los accesos por carretera. Inaugurado en noviembre de 2006 el hotel es un acogedor establecimiento dotado con los \u00faltimos avances tecnol\u00f3gicos. Tarifa Especial [&hellip;]<\/p>\n","protected":false},"author":1,"featured_media":0,"parent":0,"menu_order":0,"comment_status":"closed","ping_status":"closed","template":"","meta":{"_et_pb_use_builder":"on","_et_pb_old_content":"","_et_gb_content_width":"","footnotes":""},"class_list":["post-389","page","type-page","status-publish","hentry"],"_links":{"self":[{"href":"https:\/\/mintxeta.com\/index.php\/wp-json\/wp\/v2\/pages\/389","targetHints":{"allow":["GET"]}}],"collection":[{"href":"https:\/\/mintxeta.com\/index.php\/wp-json\/wp\/v2\/pages"}],"about":[{"href":"https:\/\/mintxeta.com\/index.php\/wp-json\/wp\/v2\/types\/page"}],"author":[{"embeddable":true,"href":"https:\/\/mintxeta.com\/index.php\/wp-json\/wp\/v2\/users\/1"}],"replies":[{"embeddable":true,"href":"https:\/\/mintxeta.com\/index.php\/wp-json\/wp\/v2\/comments?post=389"}],"version-history":[{"count":38,"href":"https:\/\/mintxeta.com\/index.php\/wp-json\/wp\/v2\/pages\/389\/revisions"}],"predecessor-version":[{"id":2242,"href":"https:\/\/mintxeta.com\/index.php\/wp-json\/wp\/v2\/pages\/389\/revisions\/2242"}],"wp:attachment":[{"href":"https:\/\/mintxeta.com\/index.php\/wp-json\/wp\/v2\/media?parent=389"}],"curies":[{"name":"wp","href":"https:\/\/api.w.org\/{rel}","templated":true}]}}