{"id":239,"date":"2022-11-14T16:37:41","date_gmt":"2022-11-14T16:37:41","guid":{"rendered":"https:\/\/mintxeta.com\/?page_id=239"},"modified":"2025-12-04T16:09:22","modified_gmt":"2025-12-04T16:09:22","slug":"inscripcion-2","status":"publish","type":"page","link":"https:\/\/mintxeta.com\/index.php\/inscripcion-2\/","title":{"rendered":"INSCRIPCI\u00d3N"},"content":{"rendered":"<p>[et_pb_section fb_built=\u00bb1&#8243; fullwidth=\u00bbon\u00bb _builder_version=\u00bb4.19.0&#8243; _module_preset=\u00bbdefault\u00bb global_colors_info=\u00bb{}\u00bb][et_pb_fullwidth_image src=\u00bbhttps:\/\/mintxeta.com\/wp-content\/uploads\/2022\/11\/inscripcion.jpg\u00bb title_text=\u00bbinscripcion\u00bb _builder_version=\u00bb4.19.0&#8243; _module_preset=\u00bbdefault\u00bb global_colors_info=\u00bb{}\u00bb][\/et_pb_fullwidth_image][\/et_pb_section][et_pb_section fb_built=\u00bb1&#8243; _builder_version=\u00bb4.19.0&#8243; _module_preset=\u00bbdefault\u00bb hover_enabled=\u00bb0&#8243; global_colors_info=\u00bb{}\u00bb sticky_enabled=\u00bb0&#8243;][et_pb_row disabled_on=\u00bboff|off|off\u00bb _builder_version=\u00bb4.27.4&#8243; _module_preset=\u00bbdefault\u00bb global_colors_info=\u00bb{}\u00bb][et_pb_column type=\u00bb4_4&#8243; _builder_version=\u00bb4.19.0&#8243; _module_preset=\u00bbdefault\u00bb global_colors_info=\u00bb{}\u00bb][et_pb_text content_tablet=\u00bb<\/p>\n<h1 style=%22font-weight: bold;%22>INSCRIPCI\u00d3N<\/h1>\n<p>\u2022 Ser\u00e1 obligatorio inscribirse para poder participar en TODAS las categor\u00edas.<br \/>\u2022 No habr\u00e1 diferenciaci\u00f3n entre atletas senior, sub-23 y veteranos, por lo que habr\u00e1 una \u00fanica clasificaci\u00f3n y premios, denomin\u00e1ndose categor\u00eda absoluta.<br \/><strong>\u2022 A partir del 26 de diciembre 2025 y hasta el d\u00eda 14 de enero de 2026 inclusive y antes de las 13:00 horas.<\/strong><br \/>\u2022 Alev\u00edn (sub-12) e Infantil (sub-14) de Gipuzkoa <span style=%22text-decoration: underline;%22><a href=%22https:\/\/sistema.eskolakirola.es\/UI\/UI\/Login%22 data-et-target-link=%22_blank%22 rel=%22noopener%22><strong>APP Sistema de Clubes y APP Sistema de Centros Escolares<\/strong><\/a><\/span><br \/>\u2022 Alev\u00edn (sub-12) e Infantil (sub-14) de fuera de Gipuzkoa, a trav\u00e9s de <a href=%22https:\/\/inscripcion.kirolprobak.com\/inscripcion\/lxxxii-cross-internacional-juan-muguerza-elgoibar\/%22 data-et-target-link=%22_blank%22 rel=%22noopener%22><strong><span style=%22text-decoration: underline;%22>Kirolprobak JUAN MUGUERZA 2026<\/span><\/strong><\/a><br \/>\u2022 Atletas Federados (sub-16, sub-18, sub-20 y absoluta), con licencia nacional o vasca mediante <span style=%22text-decoration: underline;%22><strong>CALL ROOM de la RFEA.<\/strong><\/span><br \/>\u2022 Atletas Federados (sub-16, sub-18, sub-20 y absoluta), con licencia territorial de fuera de Euskadi deber\u00e1n inscribirse a trav\u00e9s de <span style=%22text-decoration: underline;%22><a href=%22https:\/\/inscripcion.kirolprobak.com\/inscripcion\/lxxxii-cross-internacional-juan-muguerza-elgoibar\/%22 data-et-target-link=%22_blank%22 rel=%22noopener%22><strong>KIROLPROBAK JUAN MUGUERZA 2026<\/strong><\/a><\/span>. El coste de licencia de d\u00eda es de 3 Euros (excepto para los sub-16).<\/p>\n<p>\u00bb content_phone=\u00bb<\/p>\n<h1 style=%22font-weight: bold;%22>INSCRIPCI\u00d3N<\/h1>\n<p>\u2022 Ser\u00e1 obligatorio inscribirse para poder participar en TODAS las categor\u00edas.<br \/>\u2022 No habr\u00e1 diferenciaci\u00f3n entre atletas senior, sub-23 y veteranos, por lo que habr\u00e1 una \u00fanica clasificaci\u00f3n y premios, denomin\u00e1ndose categor\u00eda absoluta.<br \/><strong>\u2022 A partir del 26 de diciembre 2025 y hasta el d\u00eda 14 de enero de 2026 inclusive y antes de las 13:00 horas.<\/strong><br \/>\u2022 Alev\u00edn (sub-12) e Infantil (sub-14) de Gipuzkoa <span style=%22text-decoration: underline;%22><a href=%22https:\/\/sistema.eskolakirola.es\/UI\/UI\/Login%22 data-et-target-link=%22_blank%22 rel=%22noopener%22><strong>APP Sistema de Clubes y APP Sistema de Centros Escolares<\/strong><\/a><\/span><br \/>\u2022 Alev\u00edn (sub-12) e Infantil (sub-14) de fuera de Gipuzkoa, a trav\u00e9s de <a href=%22https:\/\/inscripcion.kirolprobak.com\/inscripcion\/lxxxii-cross-internacional-juan-muguerza-elgoibar\/%22 data-et-target-link=%22_blank%22 rel=%22noopener%22><strong><span style=%22text-decoration: underline;%22>Kirolprobak JUAN MUGUERZA 2026<\/span><\/strong><\/a><br \/>\u2022 Atletas Federados (sub-16, sub-18, sub-20 y absoluta), con licencia nacional o vasca mediante <span style=%22text-decoration: underline;%22><strong>CALL ROOM de la RFEA.<\/strong><\/span><br \/>\u2022 Atletas Federados (sub-16, sub-18, sub-20 y absoluta), con licencia territorial de fuera de Euskadi deber\u00e1n inscribirse a trav\u00e9s de <span style=%22text-decoration: underline;%22><a href=%22https:\/\/inscripcion.kirolprobak.com\/inscripcion\/lxxxii-cross-internacional-juan-muguerza-elgoibar\/%22 data-et-target-link=%22_blank%22 rel=%22noopener%22><strong>KIROLPROBAK JUAN MUGUERZA 2026<\/strong><\/a><\/span>. El coste de licencia de d\u00eda es de 3 Euros (excepto para los sub-16).<\/p>\n<p>\u00bb content_last_edited=\u00bbon|phone\u00bb disabled_on=\u00bboff|off|off\u00bb _builder_version=\u00bb4.27.4&#8243; _module_preset=\u00bbdefault\u00bb text_font=\u00bbMontserrat||||||||\u00bb hover_enabled=\u00bb0&#8243; global_colors_info=\u00bb{}\u00bb sticky_enabled=\u00bb0&#8243;]<\/p>\n<h1 style=\"font-weight: bold;\">INSCRIPCI\u00d3N<\/h1>\n<p>\u2022 Ser\u00e1 obligatorio inscribirse para poder participar en TODAS las categor\u00edas.<br \/>\u2022 No habr\u00e1 diferenciaci\u00f3n entre atletas senior, sub-23 y veteranos, por lo que habr\u00e1 una \u00fanica clasificaci\u00f3n y premios, denomin\u00e1ndose categor\u00eda absoluta.<br \/><strong>\u2022 A partir del 26 de diciembre 2025 y hasta el d\u00eda 14 de enero de 2026 inclusive y antes de las 13:00 horas.<\/strong><br \/>\u2022 Alev\u00edn (sub-12) e Infantil (sub-14) de Gipuzkoa <span style=\"text-decoration: underline;\"><a href=\"https:\/\/sistema.eskolakirola.es\/UI\/UI\/Login\" target=\"_blank\" rel=\"noopener\"><strong>APP Sistema de Clubes y APP Sistema de Centros Escolares<\/strong><\/a><\/span><br \/>\u2022 Alev\u00edn (sub-12) e Infantil (sub-14) de fuera de Gipuzkoa, a trav\u00e9s de <a href=\"https:\/\/inscripcion.kirolprobak.com\/inscripcion\/lxxxii-cross-internacional-juan-muguerza-elgoibar\/\" target=\"_blank\" rel=\"noopener\"><strong><span style=\"text-decoration: underline;\">Kirolprobak JUAN MUGUERZA 2026<\/span><\/strong><\/a><br \/>\u2022 Atletas Federados (sub-16, sub-18, sub-20 y absoluta), con licencia nacional o vasca mediante <span style=\"text-decoration: underline;\"><strong>CALL ROOM de la RFEA.<\/strong><\/span><br \/>\u2022 Atletas Federados (sub-16, sub-18, sub-20 y absoluta), con licencia territorial de fuera de Euskadi deber\u00e1n inscribirse a trav\u00e9s de <span style=\"text-decoration: underline;\"><a href=\"https:\/\/inscripcion.kirolprobak.com\/inscripcion\/lxxxii-cross-internacional-juan-muguerza-elgoibar\/\" target=\"_blank\" rel=\"noopener\"><strong>KIROLPROBAK JUAN MUGUERZA 2026<\/strong><\/a><\/span>. El coste de licencia de d\u00eda es de 3 Euros (excepto para los sub-16).<\/p>\n<p>[\/et_pb_text][\/et_pb_column][\/et_pb_row][\/et_pb_section]<\/p>\n","protected":false},"excerpt":{"rendered":"<p>INSCRIPCI\u00d3N \u2022 Ser\u00e1 obligatorio inscribirse para poder participar en TODAS las categor\u00edas.\u2022 No habr\u00e1 diferenciaci\u00f3n entre atletas senior, sub-23 y veteranos, por lo que habr\u00e1 una \u00fanica clasificaci\u00f3n y premios, denomin\u00e1ndose categor\u00eda absoluta.\u2022 A partir del 26 de diciembre 2025 y hasta el d\u00eda 14 de enero de 2026 inclusive y antes de las 13:00 [&hellip;]<\/p>\n","protected":false},"author":1,"featured_media":0,"parent":0,"menu_order":0,"comment_status":"closed","ping_status":"closed","template":"","meta":{"_et_pb_use_builder":"on","_et_pb_old_content":"","_et_gb_content_width":"","footnotes":""},"class_list":["post-239","page","type-page","status-publish","hentry"],"_links":{"self":[{"href":"https:\/\/mintxeta.com\/index.php\/wp-json\/wp\/v2\/pages\/239","targetHints":{"allow":["GET"]}}],"collection":[{"href":"https:\/\/mintxeta.com\/index.php\/wp-json\/wp\/v2\/pages"}],"about":[{"href":"https:\/\/mintxeta.com\/index.php\/wp-json\/wp\/v2\/types\/page"}],"author":[{"embeddable":true,"href":"https:\/\/mintxeta.com\/index.php\/wp-json\/wp\/v2\/users\/1"}],"replies":[{"embeddable":true,"href":"https:\/\/mintxeta.com\/index.php\/wp-json\/wp\/v2\/comments?post=239"}],"version-history":[{"count":41,"href":"https:\/\/mintxeta.com\/index.php\/wp-json\/wp\/v2\/pages\/239\/revisions"}],"predecessor-version":[{"id":2151,"href":"https:\/\/mintxeta.com\/index.php\/wp-json\/wp\/v2\/pages\/239\/revisions\/2151"}],"wp:attachment":[{"href":"https:\/\/mintxeta.com\/index.php\/wp-json\/wp\/v2\/media?parent=239"}],"curies":[{"name":"wp","href":"https:\/\/api.w.org\/{rel}","templated":true}]}}